{"id":2495,"date":"2019-09-17T10:04:01","date_gmt":"2019-09-17T08:04:01","guid":{"rendered":"https:\/\/www.smlobzow.pl\/?page_id=2495"},"modified":"2021-04-15T14:20:14","modified_gmt":"2021-04-15T12:20:14","slug":"ochrona-danych","status":"publish","type":"page","link":"https:\/\/smlobzow.pl\/index.php\/ochrona-danych\/","title":{"rendered":"Ochrona danych"},"content":{"rendered":"<p style=\"text-align: center;\"><span style=\"font-size: 14pt; color: #008000;\"><strong>Ochrona danych osobowych &#8211; Klauzula informacyjna na podstawie art. 13 RODO<\/strong><\/span><\/p>\n<p style=\"text-align: justify;\"><span style=\"font-size: 10pt;\">Klauzula informacyjna na podstawie art. 13 RODO, tj. dla os\u00f3b, od kt\u00f3rych Sp\u00f3\u0142dzielnia Mieszkaniowa \u201e\u0141obz\u00f3w\u201d bezpo\u015brednio uzyskuje dane osobowe, przeznaczona m.in. dla os\u00f3b, posiadaj\u0105cych sp\u00f3\u0142dzielcze prawa do lokali oraz kontrahent\u00f3w.<\/span><\/p>\n<p style=\"text-align: justify;\">Dane osobowe podlegaj\u0105 ochronie na podstawie Ustawy z dnia 10 maja 2018 r. o ochronie danych osobowych, Rozporz\u0105dzenia Parlamentu Europejskiego i Rady (UE) 2016\/679 z dnia 27 kwietnia 2016 r. w sprawie ochrony os\u00f3b fizycznych w zwi\u0105zku z przetwarzaniem danych osobowych i w sprawie swobodnego przep\u0142ywu takich danych oraz uchylenia dyrektywy 95\/46\/WE (og\u00f3lne rozporz\u0105dzenie o ochronie danych) zwanego dalej RODO oraz Regulaminu ochrony danych osobowych w Sp\u00f3\u0142dzielni Mieszkaniowej \u201e\u0141obz\u00f3w\u201d.<\/p>\n<p style=\"text-align: justify;\">Wype\u0142niaj\u0105c obowi\u0105zek informacyjny wynikaj\u0105cy z <strong>art. 13<\/strong> ust. 1 i 2 <strong>RODO<\/strong> informujemy, i\u017c:<\/p>\n<ul style=\"list-style-type: disc;\">\n<li style=\"text-align: justify;\">Administratorem danych osobowych jest Sp\u00f3\u0142dzielnia Mieszkaniowa \u201e\u0141obz\u00f3w\u201d, z siedzib\u0105 w Krakowie, ul. Mazowiecka 66, 30-019 Krak\u00f3w, posiadaj\u0105ca Nr KRS: 0000104155, NIP: 6750005789 oraz REGON: 003888090.<\/li>\n<li style=\"text-align: justify;\">Kontakt z Administratorem jest mo\u017cliwy poprzez adres e-mail: poczta@smlobzow.pl lub adres korespondencyjny: ul. Mazowiecka 66, 30-019 Krak\u00f3w.<\/li>\n<li style=\"text-align: justify;\">Sp\u00f3\u0142dzielnia Mieszkaniowa \u201e\u0141obz\u00f3w\u201d w Krakowie gromadzi i przetwarza dane osobowe cz\u0142onk\u00f3w Sp\u00f3\u0142dzielni, w\u0142a\u015bcicieli lokali i kontrahent\u00f3w do realizacji zada\u0144 okre\u015blonych w Ustawie Prawo sp\u00f3\u0142dzielcze, Ustawie o sp\u00f3\u0142dzielniach mieszkaniowych i Statucie Sp\u00f3\u0142dzielni (art. 6 ust. 1 lit. c RODO). Ponadto realizuj\u0105c sw\u00f3j prawnie uzasadniony cel, kt\u00f3rym jest zapewnienie prawid\u0142owego zarz\u0105dzania mieniem Sp\u00f3\u0142dzielni, w tym tak\u017ce poprzez zapewnienie odpowiedniego poziomu bezpiecze\u0144stwa, w celach archiwalnych, zgodnie z ustaw\u0105 z dnia 14 lipca 1983 r. o narodowym zasobie archiwalnym i archiwach oraz aktami wykonawczymi i wewn\u0119trznymi uregulowaniami Sp\u00f3\u0142dzielni (art. 6 ust. 1 lit. f RODO). W przypadku kontrahent\u00f3w podstaw\u0105 przetwarzania danych osobowych jest ich niezb\u0119dno\u015b\u0107 dla realizacji um\u00f3w (art. 6 ust. 1 lit. b RODO). Dane osobowe mog\u0105 by\u0107 przetwarzane r\u00f3wnie\u017c w przypadku wyra\u017cenia na to zgody (art. 6 ust. 1 lit. a RODO).<\/li>\n<li style=\"text-align: justify;\">Konieczno\u015b\u0107 podania okre\u015blonych danych osobowych przez cz\u0142onk\u00f3w Sp\u00f3\u0142dzielni i w\u0142a\u015bcicieli lokali wynika z przepis\u00f3w prawa sp\u00f3\u0142dzielczego i ustawy o sp\u00f3\u0142dzielniach mieszkaniowych. W przypadku kontrahent\u00f3w podanie danych osobowych jest dobrowolne, jednak\u017ce niepodanie danych osobowych skutkuje brakiem mo\u017cliwo\u015bci realizacji umowy.<\/li>\n<li style=\"text-align: justify;\">Sp\u00f3\u0142dzielnia Mieszkaniowa \u201e\u0141obz\u00f3w\u201d w Krakowie przetwarza dane os\u00f3b w okresie w jakim s\u0105 cz\u0142onkami Sp\u00f3\u0142dzielni lub w\u0142a\u015bcicielami lokali. A tak\u017ce na czas realizacji um\u00f3w z kontrahentami. Po utracie statusu cz\u0142onka Sp\u00f3\u0142dzielni lub w\u0142a\u015bciciela lokalu dane osobowe s\u0105 przetwarzane w celach archiwalnych na czas okre\u015blony zgodnie z przepisami prawa i regulacjami wewn\u0119trznymi. W przypadku kontrahent\u00f3w dane osobowe s\u0105 przetwarzane do czasu przedawnienia roszcze\u0144 zwi\u0105zanych z umow\u0105.<\/li>\n<li style=\"text-align: justify;\">Sp\u00f3\u0142dzielnia Mieszkaniowa \u201e\u0141obz\u00f3w\u201d w Krakowie udost\u0119pnia dane osobowe w niezb\u0119dnym zakresie podmiotom realizuj\u0105cym us\u0142ugi lub dostawy w celu zapewnienia prawid\u0142owego zarz\u0105du np. systemom p\u0142atno\u015bci i bankom, dostawcom odpowiedzialnym za obs\u0142ug\u0119 system\u00f3w informatycznych, podmiotom \u015bwiadcz\u0105cym us\u0142ugi prawne, obs\u0142uguj\u0105cym monitoring, wykonuj\u0105cym prace budowlane lub konserwacyjne, us\u0142ugi pocztowe, lustratorom Sp\u00f3\u0142dzielni oraz w\u0142a\u015bciwym organom b\u0105d\u017a osobom trzecim, kt\u00f3re zg\u0142osz\u0105 \u017c\u0105danie udzielenia takich informacji, opieraj\u0105c si\u0119 na odpowiedniej podstawie prawnej oraz zgodnie z przepisami obowi\u0105zuj\u0105cego prawa.<\/li>\n<li style=\"text-align: justify;\">Dane osobowe nie s\u0105 przetwarzane w spos\u00f3b zautomatyzowany, jak r\u00f3wnie\u017c nie s\u0105 przekazywane do pa\u0144stwa trzeciego.<\/li>\n<li style=\"text-align: justify;\">Ka\u017cdy, kt\u00f3rego dane osobowe s\u0105 przetwarzane ma prawo do:\n<ul style=\"list-style-type: disc;\">\n<li>dost\u0119pu do swoich danych osobowych,<\/li>\n<li>wniesienia sprzeciwu co do przetwarzania danych osobowych,<\/li>\n<li>sprostowania danych osobowych,<\/li>\n<li>ograniczenia przetwarzania danych osobowych,<\/li>\n<li>przeniesienia danych osobowych,<\/li>\n<li>usuni\u0119cia danych osobowych,<\/li>\n<li>cofni\u0119cia zgody na przetwarzanie danych osobowych, skorzystanie z prawa cofni\u0119cia zgody nie ma wp\u0142ywu na przetwarzanie, kt\u00f3re mia\u0142o miejsce do momentu wycofania zgody.<\/li>\n<\/ul>\n<\/li>\n<li style=\"text-align: justify;\">Istnieje r\u00f3wnie\u017c prawo do wniesienia skargi do organu nadzorczego. Funkcj\u0119 organu nadzorczego pe\u0142ni Prezes Urz\u0119du Ochrony Danych Osobowych. Dane kontaktowe organu: Urz\u0105d Ochrony Danych Osobowych, ul. Stawki 2, 00-193 Warszawa, tel.: 22 531 03 00, fax. 22 531 03 01, Infolinia urz\u0119du tel. 606 950 000, www.uodo.gov.pl.<\/li>\n<\/ul>\n<hr \/>\n<p style=\"text-align: center;\"><span style=\"font-size: 14pt; color: #008000;\"><strong>Ochrona danych osobowych &#8211; Klauzula informacyjna na podstawie art. 14 RODO<\/strong><\/span><\/p>\n<p style=\"text-align: justify;\"><span style=\"font-size: 10pt;\">Klauzula informacyjna na podstawie art. 14 RODO, tj. w przypadku pozyskiwania danych przez Sp\u00f3\u0142dzielni\u0119 Mieszkaniow\u0105 \u201e\u0141obz\u00f3w\u201d w spos\u00f3b inny, ni\u017c od osoby, kt\u00f3rej dane dotycz\u0105, przeznaczona m.in. dla os\u00f3b, kt\u00f3rych dane pozyskiwane s\u0105 z akt\u00f3w notarialnych.<\/span><\/p>\n<p style=\"text-align: justify;\">Dane osobowe podlegaj\u0105 ochronie na podstawie Ustawy z dnia 10 maja 2018 r. o ochronie danych osobowych, Rozporz\u0105dzenia Parlamentu Europejskiego i Rady (UE) 2016\/679 z dnia 27 kwietnia 2016 r. w sprawie ochrony os\u00f3b fizycznych w zwi\u0105zku z przetwarzaniem danych osobowych i w sprawie swobodnego przep\u0142ywu takich danych oraz uchylenia dyrektywy 95\/46\/WE (og\u00f3lne rozporz\u0105dzenie o ochronie danych) zwanego dalej RODO oraz Regulaminu ochrony danych osobowych w Sp\u00f3\u0142dzielni Mieszkaniowej \u201e\u0141obz\u00f3w\u201d.<\/p>\n<p style=\"text-align: justify;\">Wype\u0142niaj\u0105c obowi\u0105zek informacyjny wynikaj\u0105cy z <strong>art. 14<\/strong> ust. 1 i 2 <strong>RODO<\/strong> informujemy, i\u017c:<\/p>\n<ul style=\"list-style-type: disc;\">\n<li style=\"text-align: justify;\">Administratorem danych osobowych jest Sp\u00f3\u0142dzielnia Mieszkaniowa &#8222;\u0141obz\u00f3w&#8221;, z siedzib\u0105 w Krakowie, ul. Mazowiecka 66, 30 &#8211; 019 Krak\u00f3w, posiadaj\u0105ca Nr KRS: 0000104155, NIP: 6750005789 oraz REGON: 003888090.<\/li>\n<li style=\"text-align: justify;\">Kontakt z Administratorem jest mo\u017cliwy poprzez adres e-mail: poczta@smlobzow.pl lub adres korespondencyjny: ul. Mazowiecka 66, 30-019 Krak\u00f3w.<\/li>\n<li style=\"text-align: justify;\">Dane osobowe s\u0105 przetwarzane w celu realizacji przepis\u00f3w dotycz\u0105cych zarz\u0105dzania nieruchomo\u015bciami na podstawie Ustawy Prawo sp\u00f3\u0142dzielcze, Ustawy o sp\u00f3\u0142dzielniach mieszkaniowych i Statucie Sp\u00f3\u0142dzielni (art. 6 ust. 1 lit. c RODO), dochodzenia roszcze\u0144 (art. 6 ust. 1 lit. f RODO) a tak\u017ce w celach archiwalnych, zgodnie z ustaw\u0105 z dnia 14 lipca 1983 r. o narodowym zasobie archiwalnym i archiwach oraz aktami wykonawczymi i wewn\u0119trznymi uregulowaniami Sp\u00f3\u0142dzielni (art. 6 ust. 1 lit. f RODO).<\/li>\n<li style=\"text-align: justify;\">Sp\u00f3\u0142dzielnia Mieszkaniowa \u201e\u0141obz\u00f3w\u201d pozyskuje dane osobowe z nast\u0119puj\u0105cych \u017ar\u00f3de\u0142:\n<ul style=\"list-style-type: disc;\">\n<li>w przypadku os\u00f3b, kt\u00f3re posiadaj\u0105 sp\u00f3\u0142dzielcze w\u0142asno\u015bciowe prawa do lokali Sp\u00f3\u0142dzielnia przetwarza dane zawarte w aktach notarialnych, kt\u00f3re zgodnie z art. 17<sup>2<\/sup> ust. 4 ustawy o sp\u00f3\u0142dzielniach mieszkaniowych, notariusze przesy\u0142aj\u0105 do Sp\u00f3\u0142dzielni,<\/li>\n<li>od komornik\u00f3w we wnioskach o udost\u0119pnienie danych d\u0142u\u017cnik\u00f3w,<\/li>\n<li>z S\u0105d\u00f3w w zwi\u0105zku z prowadzonymi post\u0119powaniami s\u0105dowymi,<\/li>\n<li>od innych organ\u00f3w i instytucji publicznych w zwi\u0105zku z prowadzonymi przez nie post\u0119powaniami.<\/li>\n<\/ul>\n<\/li>\n<li style=\"text-align: justify;\">Sp\u00f3\u0142dzielnia Mieszkaniowa ,,\u0141obz\u00f3w\u201d mo\u017ce tak\u017ce pozyskiwa\u0107 dane ze \u017ar\u00f3de\u0142 powszechnie dost\u0119pnych takich jak:\n<ul style=\"list-style-type: disc;\">\n<li>strona internetowa firmy w przypadku os\u00f3b fizycznych prowadz\u0105cych dzia\u0142alno\u015b\u0107 gospodarcz\u0105 (w celach kontaktowych),<\/li>\n<li>Krajowego Rejestru S\u0105dowego (w celu weryfikacji informacji podanych wy\u0142\u0105cznie w zakresie tam wskazanym),<\/li>\n<li>Centralnej Ewidencji i Informacji o Dzia\u0142alno\u015bci Gospodarczej (w celu weryfikacji informacji podanych wy\u0142\u0105cznie w zakresie tam wskazanym).<\/li>\n<\/ul>\n<\/li>\n<li style=\"text-align: justify;\">Kategorie danych osobowych, kt\u00f3re Sp\u00f3\u0142dzielnia Mieszkaniowa \u201e\u0141obz\u00f3w\u201d otrzymuje:\n<ul style=\"list-style-type: disc;\">\n<li>od notariuszy: imi\u0119 i nazwisko, adres lokalu, pesel, numer dowodu osobistego, imi\u0119 matki i ojca, numer aktu notarialnego, numer ksi\u0119gi wieczystej i inne dane zawarte w akcie notarialnym dotycz\u0105ce lokalu b\u0119d\u0105cego przedmiotem obrotu,<\/li>\n<li>od komornik\u00f3w: sygnatura sprawy s\u0105dowej i post\u0119powania egzekucyjnego, dane wierzyciela, imi\u0119 i nazwisko d\u0142u\u017cnika, adres d\u0142u\u017cnika, numer dowodu osobistego, pesel, NIP, imiona rodzic\u00f3w, data urodzenia,<\/li>\n<li>od S\u0105d\u00f3w: wszystkie informacje, kt\u00f3re s\u0105 do\u0142\u0105czone przez strony przeciwne post\u0119powania s\u0105dowego,<\/li>\n<li>od innych organ\u00f3w i instytucji publicznych w zwi\u0105zku z prowadzonymi przez nie post\u0119powaniami: dane osobowe w tym post\u0119powaniu przetwarzane.<\/li>\n<\/ul>\n<\/li>\n<li style=\"text-align: justify;\">Sp\u00f3\u0142dzielnia Mieszkaniowa \u201e\u0141obz\u00f3w\u201d w Krakowie udost\u0119pnia dane osobowe w niezb\u0119dnym zakresie podmiotom realizuj\u0105cym us\u0142ugi lub dostawy w celu zapewnienia prawid\u0142owego zarz\u0105du np. systemom p\u0142atno\u015bci i bankom, dostawcom odpowiedzialnym za obs\u0142ug\u0119 system\u00f3w informatycznych, podmiotom \u015bwiadcz\u0105cym us\u0142ugi prawne, obs\u0142uguj\u0105cym monitoring, wykonuj\u0105cym prace budowlane lub konserwacyjne, us\u0142ugi pocztowe, lustratorom Sp\u00f3\u0142dzielni oraz w\u0142a\u015bciwym organom b\u0105d\u017a osobom trzecim, kt\u00f3re zg\u0142osz\u0105 \u017c\u0105danie udzielenia takich informacji, opieraj\u0105c si\u0119 na odpowiedniej podstawie prawnej oraz zgodnie z przepisami obowi\u0105zuj\u0105cego prawa.<\/li>\n<li style=\"text-align: justify;\">Dane osobowe s\u0105 przetwarzane w okresie niezb\u0119dnym do realizacji obowi\u0105zk\u00f3w wynikaj\u0105cych z zarz\u0105dzania nieruchomo\u015bci\u0105 a nast\u0119pnie w celach archiwalnych zgodnie z przepisami prawa i regulacjami wewn\u0119trznymi. Dane uzyskane od S\u0105d\u00f3w i komornika oraz innych instytucji i organ\u00f3w przetwarzane s\u0105 przez okres trwania post\u0119powania, a nast\u0119pnie w celach archiwalnych zgodnie z przepisami prawa i regulacjami wewn\u0119trznymi.<\/li>\n<li style=\"text-align: justify;\">Dane osobowe nie s\u0105 przetwarzane w spos\u00f3b zautomatyzowany, jak r\u00f3wnie\u017c nie s\u0105 przekazywane do pa\u0144stwa trzeciego.<\/li>\n<li style=\"text-align: justify;\">Ka\u017cdy, kt\u00f3rego dane osobowe s\u0105 przetwarzane ma prawo do:\n<ul style=\"list-style-type: disc;\">\n<li style=\"text-align: justify;\">dost\u0119pu do swoich danych osobowych,<\/li>\n<li style=\"text-align: justify;\">wniesienia sprzeciwu co do przetwarzania danych osobowych,<\/li>\n<li style=\"text-align: justify;\">sprostowania danych osobowych,<\/li>\n<li style=\"text-align: justify;\">ograniczenia przetwarzania danych osobowych,<\/li>\n<li style=\"text-align: justify;\">przeniesienia danych osobowych,<\/li>\n<li style=\"text-align: justify;\">usuni\u0119cia danych osobowych,<\/li>\n<li style=\"text-align: justify;\">cofni\u0119cia zgody na przetwarzanie danych osobowych, skorzystanie z prawa cofni\u0119cia zgody nie ma wp\u0142ywu na przetwarzanie, kt\u00f3re mia\u0142o miejsce do momentu wycofania zgody.<\/li>\n<\/ul>\n<\/li>\n<li style=\"text-align: justify;\">Istnieje r\u00f3wnie\u017c prawo do wniesienia skargi do organu nadzorczego. Funkcj\u0119 organu nadzorczego pe\u0142ni Prezes Urz\u0119du Ochrony Danych Osobowych. Dane kontaktowe organu: Urz\u0105d Ochrony Danych Osobowych, ul. Stawki 2, 00-193 Warszawa, tel.: 22 531 03 00, fax. 22 531 03 01, Infolinia urz\u0119du tel. 606 950 000, www.uodo.gov.pl.<\/li>\n<\/ul>\n<hr \/>\n<p style=\"text-align: center;\"><span style=\"font-size: 14pt; color: #008000;\"><strong>Monitoring wizyjny &#8211; Klauzula informacyjna na podstawie art. 13 RODO<\/strong><\/span><\/p>\n<p style=\"text-align: justify;\">Dane osobowe podlegaj\u0105 ochronie na podstawie Ustawy z dnia 10 maja 2018 r. o ochronie danych osobowych, Rozporz\u0105dzenia Parlamentu Europejskiego i Rady (UE) 2016\/679 z dnia 27 kwietnia 2016 r. w sprawie ochrony os\u00f3b fizycznych w zwi\u0105zku z przetwarzaniem danych osobowych i w sprawie swobodnego przep\u0142ywu takich danych oraz uchylenia dyrektywy 95\/46\/WE (og\u00f3lne rozporz\u0105dzenie o ochronie danych) zwanego dalej RODO oraz Regulaminu ochrony danych osobowych w Sp\u00f3\u0142dzielni Mieszkaniowej \u201e\u0141obz\u00f3w\u201d.<\/p>\n<p style=\"text-align: justify;\">Wype\u0142niaj\u0105c obowi\u0105zek informacyjny wynikaj\u0105cy z <strong>art. 13<\/strong> ust. 1 i 2 <strong>RODO<\/strong> informujemy, i\u017c:<\/p>\n<ul style=\"list-style-type: disc;\">\n<li style=\"text-align: justify;\">Administratorem danych osobowych jest Sp\u00f3\u0142dzielnia Mieszkaniowa \u201e\u0141obz\u00f3w\u201d z siedzib\u0105 w Krakowie, ul. Mazowiecka 66, 30-019 Krak\u00f3w, posiadaj\u0105ca Nr KRS: 0000104155, NIP: 6750005789 oraz REGON: 003888090.<\/li>\n<li style=\"text-align: justify;\">Kontakt z Administratorem jest mo\u017cliwy poprzez adres e-mail: poczta@smlobzow.pl lub adres korespondencyjny: ul. Mazowiecka 66, 30-019 Krak\u00f3w.<\/li>\n<li style=\"text-align: justify;\">Monitoringiem wizyjnym obj\u0119te s\u0105:\n<ul style=\"list-style-type: disc;\">\n<li style=\"text-align: justify;\">Biuro Sp\u00f3\u0142dzielni Mieszkaniowej \u201e\u0141obz\u00f3w\u201d przy ul. Mazowieckiej 66 w Krakowie;<\/li>\n<li style=\"text-align: justify;\">teren Sp\u00f3\u0142dzielni Mieszkaniowej \u201e\u0141obz\u00f3w\u201d w obr\u0119bie budynk\u00f3w przy ul. Mazowieckiej 60 i 66 w Krakowie (dz. nr 109\/1, 109\/2, 109\/3 i 109\/4 obr. 46 Krowodrza);<\/li>\n<li style=\"text-align: justify;\">budynek Sp\u00f3\u0142dzielni Mieszkaniowej \u201e\u0141obz\u00f3w\u201d przy ul. W\u00f3jtowskiej 7 w Krakowie;<\/li>\n<li style=\"text-align: justify;\">teren Sp\u00f3\u0142dzielni Mieszkaniowej \u201e\u0141obz\u00f3w\u201d w obr\u0119bie budynk\u00f3w przy ul. W\u00f3jtowskiej 7 i 9 w Krakowie (dz. nr 201\/39, 201\/42 i 201\/40 obr. 46 Krowodrza).<\/li>\n<\/ul>\n<\/li>\n<li style=\"text-align: justify;\">Celem przetwarzania danych osobowych jest zapewnienie bezpiecze\u0144stwa os\u00f3b i mienia oraz przeciwdzia\u0142anie naruszeniom prawa.<\/li>\n<li style=\"text-align: justify;\">Podstaw\u0105 prawn\u0105 przetwarzania danych osobowych jest art. 6 ust. 1 lit. f RODO i art. 22\u00b2 \u00a7 1 Kodeksu pracy oraz prawnie uzasadniony interes administratora w postaci zapewnienia bezpiecze\u0144stwa os\u00f3b i mienia oraz przeciwdzia\u0142anie naruszeniom prawa.<\/li>\n<li style=\"text-align: justify;\">Wszystkie dane rejestrowane przez kamery monitoringu wizyjnego s\u0105 zapisywane i dost\u0119pne maksymalnie przez okres nieprzekraczaj\u0105cy 3 miesi\u0119cy. Rejestracji i zapisowi danych na no\u015bniku podlega tylko obraz (bez d\u017awi\u0119ku). W przypadku, w kt\u00f3rym nagrania obrazu stanowi\u0105 dow\u00f3d w post\u0119powaniu prowadzonym na podstawie prawa lub mog\u0105 one stanowi\u0107 dow\u00f3d w takim post\u0119powaniu, termin przechowywania ulega przed\u0142u\u017ceniu do czasu prawomocnego zako\u0144czenia post\u0119powania.<\/li>\n<li style=\"text-align: justify;\">Sp\u00f3\u0142dzielnia Mieszkaniowa \u201e\u0141obz\u00f3w\u201d w Krakowie udost\u0119pnia dane osobowe w niezb\u0119dnym zakresie dostawcom us\u0142ug przetwarzaj\u0105cych dane osobowe w imieniu Administratora, w\u0142a\u015bciwym organom b\u0105d\u017a osobom trzecim, kt\u00f3re zg\u0142osz\u0105 \u017c\u0105danie udzielenia takich informacji, opieraj\u0105c si\u0119 na odpowiedniej podstawie prawnej oraz zgodnie z przepisami obowi\u0105zuj\u0105cego prawa.<\/li>\n<li style=\"text-align: justify;\">Dane osobowe nie s\u0105 przetwarzane w spos\u00f3b zautomatyzowany, jak r\u00f3wnie\u017c nie s\u0105 przekazywane do pa\u0144stwa trzeciego.<\/li>\n<li style=\"text-align: justify;\">Ka\u017cdy, kt\u00f3rego dane osobowe s\u0105 przetwarzane ma prawo do:\n<ul style=\"list-style-type: disc;\">\n<li style=\"text-align: justify;\">dost\u0119pu do swoich danych osobowych,<\/li>\n<li style=\"text-align: justify;\">wniesienia sprzeciwu co do przetwarzania danych osobowych,<\/li>\n<li style=\"text-align: justify;\">sprostowania danych osobowych,<\/li>\n<li style=\"text-align: justify;\">ograniczenia przetwarzania danych osobowych,<\/li>\n<li style=\"text-align: justify;\">przeniesienia danych osobowych,<\/li>\n<li style=\"text-align: justify;\">usuni\u0119cia danych osobowych,<\/li>\n<li style=\"text-align: justify;\">cofni\u0119cia zgody na przetwarzanie danych osobowych, skorzystanie z prawa cofni\u0119cia zgody nie ma wp\u0142ywu na przetwarzanie, kt\u00f3re mia\u0142o miejsce do momentu wycofania zgody.<\/li>\n<\/ul>\n<\/li>\n<li style=\"text-align: justify;\"><span style=\"line-height: 1.5;\">Istnieje r\u00f3wnie\u017c prawo do wniesienia skargi do organu nadzorczego. Funkcj\u0119 organu nadzorczego pe\u0142ni Prezes Urz\u0119du Ochrony Danych Osobowych. Dane kontaktowe organu: Urz\u0105d Ochrony Danych Osobowych, ul. Stawki 2, 00-193 Warszawa, tel.: 22 531 03 00, fax. 22 531 03 01, Infolinia urz\u0119du tel. 606 950 000, www.uodo.gov.pl.<\/span><\/li>\n<\/ul>\n<hr \/>\n<p style=\"text-align: center;\"><span style=\"font-size: 14pt; color: #008000;\"><strong>Likwidacja szkody w UNIQA TU S.A. &#8211; Klauzula informacyjna<\/strong><\/span><\/p>\n<p style=\"text-align: justify;\">Klauzula informacyjna w zakresie przetwarzania i ochrony danych osobowych w przypadku zg\u0142aszania i likwidacji szkody z polisy ubezpieczeniowej Sp\u00f3\u0142dzielni w UNIQA Towarzystwo Ubezpieczeniowe S.A. <span style=\"color: #008000;\"><a style=\"color: #008000;\" href=\"https:\/\/smlobzow.pl\/?wpfb_dl=767\">(Klauzula)<\/a><\/span>.<\/p>\n<hr \/>\n<p style=\"text-align: right;\"><strong>Zarz\u0105d Sp\u00f3\u0142dzielni Mieszkaniowej \u201e\u0141obz\u00f3w\u201d w Krakowie<\/strong><\/p>\n","protected":false},"excerpt":{"rendered":"<p>Ochrona danych osobowych &#8211; Klauzula informacyjna na podstawie art. 13 RODO Klauzula informacyjna na podstawie art. 13 RODO, tj. dla os\u00f3b, od kt\u00f3rych Sp\u00f3\u0142dzielnia Mieszkaniowa \u201e\u0141obz\u00f3w\u201d bezpo\u015brednio uzyskuje dane osobowe, przeznaczona m.in. dla os\u00f3b, posiadaj\u0105cych sp\u00f3\u0142dzielcze prawa do lokali oraz kontrahent\u00f3w. Dane osobowe podlegaj\u0105 ochronie na podstawie Ustawy z dnia 10 maja 2018 r. o<a class=\"moretag\" href=\"https:\/\/smlobzow.pl\/index.php\/ochrona-danych\/\"><span class=\"screen-reader-text\">Wi\u0119cej oOchrona danych<\/span>[&#8230;]<\/a><\/p>\n","protected":false},"author":1,"featured_media":0,"parent":0,"menu_order":0,"comment_status":"closed","ping_status":"closed","template":"","meta":{"footnotes":""},"class_list":["post-2495","page","type-page","status-publish","hentry"],"_links":{"self":[{"href":"https:\/\/smlobzow.pl\/index.php\/wp-json\/wp\/v2\/pages\/2495","targetHints":{"allow":["GET"]}}],"collection":[{"href":"https:\/\/smlobzow.pl\/index.php\/wp-json\/wp\/v2\/pages"}],"about":[{"href":"https:\/\/smlobzow.pl\/index.php\/wp-json\/wp\/v2\/types\/page"}],"author":[{"embeddable":true,"href":"https:\/\/smlobzow.pl\/index.php\/wp-json\/wp\/v2\/users\/1"}],"replies":[{"embeddable":true,"href":"https:\/\/smlobzow.pl\/index.php\/wp-json\/wp\/v2\/comments?post=2495"}],"version-history":[{"count":10,"href":"https:\/\/smlobzow.pl\/index.php\/wp-json\/wp\/v2\/pages\/2495\/revisions"}],"predecessor-version":[{"id":3236,"href":"https:\/\/smlobzow.pl\/index.php\/wp-json\/wp\/v2\/pages\/2495\/revisions\/3236"}],"wp:attachment":[{"href":"https:\/\/smlobzow.pl\/index.php\/wp-json\/wp\/v2\/media?parent=2495"}],"curies":[{"name":"wp","href":"https:\/\/api.w.org\/{rel}","templated":true}]}}