
{"id":75,"date":"2016-10-13T12:10:35","date_gmt":"2016-10-13T10:10:35","guid":{"rendered":"http:\/\/comnet2.compower.pl\/lobzow\/?page_id=75"},"modified":"2016-11-23T10:43:42","modified_gmt":"2016-11-23T09:43:42","slug":"pliki-do-pobrania","status":"publish","type":"page","link":"https:\/\/smlobzow.pl\/index.php\/pliki-do-pobrania\/","title":{"rendered":"Wzory dokument\u00f3w, formularze"},"content":{"rendered":"<style>\r\ntable#t5 {\r\n    border-collapse: collapse;\r\n\tborder-width: 0px;\r\n\tborder-style: outset;\r\n\tline-height: 2.0em;\r\n    text-align: left;\r\n    vertical-align: top;width: 100%;\r\n\t\r\n}\r\ntable#t5 thead tr {\r\n\r\n}\r\ntable#t5 thead tr th.t5 {\r\ncolor: #000000;\r\nbackground: #FFFFFF;\r\nbackground: -moz-linear-gradient(top,  #FFFFFF 0%, #FFFFFF 100%);\r\nbackground: -webkit-gradient(linear, left top, left bottom, color-stop(0%,#FFFFFF), color-stop(100%,#FFFFFF)); \r\nbackground: -webkit-linear-gradient(top,  #FFFFFF 0%,#FFFFFF 100%);\r\nbackground: -o-linear-gradient(top,  #FFFFFF 0%,#FFFFFF 100%);\r\nbackground: -ms-linear-gradient(top,  #FFFFFF 0%,#FFFFFF 100%);\r\nbackground: linear-gradient(to bottom,  #FFFFFF 0%,#FFFFFF 100%);\r\nfilter: progid:DXImageTransform.Microsoft.gradient( startColorstr=\"#FFFFFF\", endColorstr=\"#FFFFFF\",GradientType=0 );\r\nfont-size: 1.5em;\r\nletter-spacing: 0;\r\nline-height: 2.0;\r\npadding: 4px;\r\ntext-transform: none;\r\ntext-align: center;\r\n}\r\n\r\ntable#t5 thead tr th#t5.start {\r\n\r\n}\r\ntable#t5 thead tr th#t5.end {\r\n\r\n}\r\ntable#t5 tbody tr {\r\n    background: none repeat scroll 0 0 #FFFFFF;\r\n}\r\ntable#t5 tbody tr.table-alternate {\r\n    background: none repeat scroll 0 0 #FFFFFF;\r\n}\r\ntable#t5 tbody tr td {\r\n\tcolor: #000000;\r\n    padding: 5px;\r\n\tborder-width: 0px;\r\n\tline-height: 1.2;\r\n\tfont-size: 1.0em;\r\n\tborder-top: medium none;\r\n    text-align: left;\r\n\tvertical-align: top;\r\n}\r\ntable#t5 tbody tr td#n1 {\r\n\twidth: 50%;\r\n\t}table#t5 tbody tr td#n2 {\r\n\twidth: 50%;\r\n\t}\r\ntable#t5 tbody tr:hover td {\r\n}\r\ntable#t5 tfoot tr {\r\n}\r\n\r\ntable#t5 tfoot tr td {\r\ncolor: #000000;\r\nbackground: #FFFFFF;\r\nbackground: -moz-linear-gradient(top,  #FFFFFF 0%, #FFFFFF 100%);\r\nbackground: -webkit-gradient(linear, left top, left bottom, color-stop(0%,#FFFFFF), color-stop(100%,#FFFFFF)); \r\nbackground: -webkit-linear-gradient(top,  #FFFFFF 0%,#FFFFFF 100%);\r\nbackground: -o-linear-gradient(top,  #FFFFFF 0%,#FFFFFF 100%);\r\nbackground: -ms-linear-gradient(top,  #FFFFFF 0%,#FFFFFF 100%);\r\nbackground: linear-gradient(to bottom,  #FFFFFF 0%,#FFFFFF 100%);\r\nfilter: progid:DXImageTransform.Microsoft.gradient( startColorstr=\"#FFFFFF\", endColorstr=\"#FFFFFF\",GradientType=0 );\r\npadding: 4px;\r\nborder-width: 0px;\r\nfont-size: 1.0em;\r\nborder-top: medium none;\r\ntext-align: center;\r\n}\r\n<\/style><table id=\"t5\">\r\n\t<tbody><tr class=\"table-alternate row1\"> <td id=\"n1\" class=\"start\"><table width=\"100%\" style=\"margin-bottom: 0px\">\r\n  <tr>\r\n    <td width=\"70\" style=\"vertical-align:top;padding:0em;\"><a href=\"https:\/\/smlobzow.pl\/?wpfb_dl=594\"><img decoding=\"async\" src=\"https:\/\/smlobzow.pl\/wp-content\/uploads\/2016\/10\/doc-1.png\" style=\"vertical-align:middle;\" \/><\/a><\/td>\r\n    <td><pdf-tytul><a href=\"https:\/\/smlobzow.pl\/?wpfb_dl=594\" style=font-size:14px;>Dane dotycz\u0105ce lokalu<\/a><\/pdf-tytul><\/td>\r\n  <\/tr>\r\n<\/table><\/td><td id=\"n2\" ><table width=\"100%\" style=\"margin-bottom: 0px\">\r\n  <tr>\r\n    <td width=\"70\" style=\"vertical-align:top;padding:0em;\"><a href=\"https:\/\/smlobzow.pl\/?wpfb_dl=595\"><img decoding=\"async\" src=\"https:\/\/smlobzow.pl\/wp-content\/uploads\/2016\/10\/pdf2-1.png\" style=\"vertical-align:middle;\" \/><\/a><\/td>\r\n    <td><pdf-tytul><a href=\"https:\/\/smlobzow.pl\/?wpfb_dl=595\" style=font-size:14px;>Dane dotycz\u0105ce lokalu<\/a><\/pdf-tytul><\/td>\r\n  <\/tr>\r\n<\/table><\/td><\/tr><tr class= \"table-noalt row2\"><td id=\"n1\" class=\"start\"><table width=\"100%\" style=\"margin-bottom: 0px\">\r\n  <tr>\r\n    <td width=\"70\" style=\"vertical-align:top;padding:0em;\"><a href=\"https:\/\/smlobzow.pl\/?wpfb_dl=1238\"><img decoding=\"async\" src=\"https:\/\/smlobzow.pl\/wp-content\/uploads\/2016\/10\/doc-1.png\" style=\"vertical-align:middle;\" \/><\/a><\/td>\r\n    <td><pdf-tytul><a href=\"https:\/\/smlobzow.pl\/?wpfb_dl=1238\" style=font-size:14px;>Pe\u0142nomocnictwo Walne Zgromadzenie 2025<\/a><\/pdf-tytul><\/td>\r\n  <\/tr>\r\n<\/table><\/td><td id=\"n2\" ><table width=\"100%\" style=\"margin-bottom: 0px\">\r\n  <tr>\r\n    <td width=\"70\" style=\"vertical-align:top;padding:0em;\"><a href=\"https:\/\/smlobzow.pl\/?wpfb_dl=1239\"><img decoding=\"async\" src=\"https:\/\/smlobzow.pl\/wp-content\/uploads\/2016\/10\/pdf2-1.png\" style=\"vertical-align:middle;\" \/><\/a><\/td>\r\n    <td><pdf-tytul><a href=\"https:\/\/smlobzow.pl\/?wpfb_dl=1239\" style=font-size:14px;>Pe\u0142nomocnictwo Walne Zgromadzenie 2025<\/a><\/pdf-tytul><\/td>\r\n  <\/tr>\r\n<\/table><\/td><\/tr><tr class=\"table-alternate row3\"> <td id=\"n1\" class=\"start\"><table width=\"100%\" style=\"margin-bottom: 0px\">\r\n  <tr>\r\n    <td width=\"70\" style=\"vertical-align:top;padding:0em;\"><a href=\"https:\/\/smlobzow.pl\/?wpfb_dl=582\"><img decoding=\"async\" src=\"https:\/\/smlobzow.pl\/wp-content\/uploads\/2016\/10\/doc-1.png\" style=\"vertical-align:middle;\" \/><\/a><\/td>\r\n    <td><pdf-tytul><a href=\"https:\/\/smlobzow.pl\/?wpfb_dl=582\" style=font-size:14px;>Zg\u0142oszenie nabycia lokalu (odr\u0119bna w\u0142asno\u015b\u0107)<\/a><\/pdf-tytul><\/td>\r\n  <\/tr>\r\n<\/table><\/td><td id=\"n2\" ><table width=\"100%\" style=\"margin-bottom: 0px\">\r\n  <tr>\r\n    <td width=\"70\" style=\"vertical-align:top;padding:0em;\"><a href=\"https:\/\/smlobzow.pl\/?wpfb_dl=583\"><img decoding=\"async\" src=\"https:\/\/smlobzow.pl\/wp-content\/uploads\/2016\/10\/pdf2-1.png\" style=\"vertical-align:middle;\" \/><\/a><\/td>\r\n    <td><pdf-tytul><a href=\"https:\/\/smlobzow.pl\/?wpfb_dl=583\" style=font-size:14px;>Zg\u0142oszenie nabycia lokalu (odr\u0119bna w\u0142asno\u015b\u0107)<\/a><\/pdf-tytul><\/td>\r\n  <\/tr>\r\n<\/table><\/td><\/tr><tr class= \"table-noalt row4\"><td id=\"n1\" class=\"start\"><table width=\"100%\" style=\"margin-bottom: 0px\">\r\n  <tr>\r\n    <td width=\"70\" style=\"vertical-align:top;padding:0em;\"><a href=\"https:\/\/smlobzow.pl\/?wpfb_dl=588\"><img decoding=\"async\" src=\"https:\/\/smlobzow.pl\/wp-content\/uploads\/2016\/10\/doc-1.png\" style=\"vertical-align:middle;\" \/><\/a><\/td>\r\n    <td><pdf-tytul><a href=\"https:\/\/smlobzow.pl\/?wpfb_dl=588\" style=font-size:14px;>Dane Cz\u0142onka Sp\u00f3\u0142dzielni (sp\u00f3\u0142dzielcze)<\/a><\/pdf-tytul><\/td>\r\n  <\/tr>\r\n<\/table><\/td><td id=\"n2\" ><table width=\"100%\" style=\"margin-bottom: 0px\">\r\n  <tr>\r\n    <td width=\"70\" style=\"vertical-align:top;padding:0em;\"><a href=\"https:\/\/smlobzow.pl\/?wpfb_dl=589\"><img decoding=\"async\" src=\"https:\/\/smlobzow.pl\/wp-content\/uploads\/2016\/10\/pdf2-1.png\" style=\"vertical-align:middle;\" \/><\/a><\/td>\r\n    <td><pdf-tytul><a href=\"https:\/\/smlobzow.pl\/?wpfb_dl=589\" style=font-size:14px;>Dane Cz\u0142onka Sp\u00f3\u0142dzielni (sp\u00f3\u0142dzielcze)<\/a><\/pdf-tytul><\/td>\r\n  <\/tr>\r\n<\/table><\/td><\/tr><tr class=\"table-alternate row5\"> <td id=\"n1\" class=\"start\"><table width=\"100%\" style=\"margin-bottom: 0px\">\r\n  <tr>\r\n    <td width=\"70\" style=\"vertical-align:top;padding:0em;\"><a href=\"https:\/\/smlobzow.pl\/?wpfb_dl=578\"><img decoding=\"async\" src=\"https:\/\/smlobzow.pl\/wp-content\/uploads\/2016\/10\/doc-1.png\" style=\"vertical-align:middle;\" \/><\/a><\/td>\r\n    <td><pdf-tytul><a href=\"https:\/\/smlobzow.pl\/?wpfb_dl=578\" style=font-size:14px;>Deklaracja Cz\u0142onkowska (odr\u0119bna w\u0142asno\u015b\u0107)<\/a><\/pdf-tytul><\/td>\r\n  <\/tr>\r\n<\/table><\/td><td id=\"n2\" ><table width=\"100%\" style=\"margin-bottom: 0px\">\r\n  <tr>\r\n    <td width=\"70\" style=\"vertical-align:top;padding:0em;\"><a href=\"https:\/\/smlobzow.pl\/?wpfb_dl=579\"><img decoding=\"async\" src=\"https:\/\/smlobzow.pl\/wp-content\/uploads\/2016\/10\/pdf2-1.png\" style=\"vertical-align:middle;\" \/><\/a><\/td>\r\n    <td><pdf-tytul><a href=\"https:\/\/smlobzow.pl\/?wpfb_dl=579\" style=font-size:14px;>Deklaracja Cz\u0142onkowska (odr\u0119bna w\u0142asno\u015b\u0107)<\/a><\/pdf-tytul><\/td>\r\n  <\/tr>\r\n<\/table><\/td><\/tr><tr class= \"table-noalt row6\"><td id=\"n1\" class=\"start\"><table width=\"100%\" style=\"margin-bottom: 0px\">\r\n  <tr>\r\n    <td width=\"70\" style=\"vertical-align:top;padding:0em;\"><a href=\"https:\/\/smlobzow.pl\/?wpfb_dl=584\"><img decoding=\"async\" src=\"https:\/\/smlobzow.pl\/wp-content\/uploads\/2016\/10\/doc-1.png\" style=\"vertical-align:middle;\" \/><\/a><\/td>\r\n    <td><pdf-tytul><a href=\"https:\/\/smlobzow.pl\/?wpfb_dl=584\" style=font-size:14px;>Zg\u0142oszenie zgonu Cz\u0142onka Sp\u00f3\u0142dzielni<\/a><\/pdf-tytul><\/td>\r\n  <\/tr>\r\n<\/table><\/td><td id=\"n2\" ><table width=\"100%\" style=\"margin-bottom: 0px\">\r\n  <tr>\r\n    <td width=\"70\" style=\"vertical-align:top;padding:0em;\"><a href=\"https:\/\/smlobzow.pl\/?wpfb_dl=585\"><img decoding=\"async\" src=\"https:\/\/smlobzow.pl\/wp-content\/uploads\/2016\/10\/pdf2-1.png\" style=\"vertical-align:middle;\" \/><\/a><\/td>\r\n    <td><pdf-tytul><a href=\"https:\/\/smlobzow.pl\/?wpfb_dl=585\" style=font-size:14px;>Zg\u0142oszenie zgonu Cz\u0142onka Sp\u00f3\u0142dzielni<\/a><\/pdf-tytul><\/td>\r\n  <\/tr>\r\n<\/table><\/td><\/tr><tr class=\"table-alternate row7\"> <td id=\"n1\" class=\"start\"><table width=\"100%\" style=\"margin-bottom: 0px\">\r\n  <tr>\r\n    <td width=\"70\" style=\"vertical-align:top;padding:0em;\"><a href=\"https:\/\/smlobzow.pl\/?wpfb_dl=580\"><img decoding=\"async\" src=\"https:\/\/smlobzow.pl\/wp-content\/uploads\/2016\/10\/doc-1.png\" style=\"vertical-align:middle;\" \/><\/a><\/td>\r\n    <td><pdf-tytul><a href=\"https:\/\/smlobzow.pl\/?wpfb_dl=580\" style=font-size:14px;>Wypowiedzenie Cz\u0142onkostwa (odr\u0119bna w\u0142asno\u015b\u0107)<\/a><\/pdf-tytul><\/td>\r\n  <\/tr>\r\n<\/table><\/td><td id=\"n2\" ><table width=\"100%\" style=\"margin-bottom: 0px\">\r\n  <tr>\r\n    <td width=\"70\" style=\"vertical-align:top;padding:0em;\"><a href=\"https:\/\/smlobzow.pl\/?wpfb_dl=581\"><img decoding=\"async\" src=\"https:\/\/smlobzow.pl\/wp-content\/uploads\/2016\/10\/pdf2-1.png\" style=\"vertical-align:middle;\" \/><\/a><\/td>\r\n    <td><pdf-tytul><a href=\"https:\/\/smlobzow.pl\/?wpfb_dl=581\" style=font-size:14px;>Wypowiedzenie Cz\u0142onkostwa (odr\u0119bna w\u0142asno\u015b\u0107)<\/a><\/pdf-tytul><\/td>\r\n  <\/tr>\r\n<\/table><\/td><\/tr><tr class= \"table-noalt row8\"><td id=\"n1\" class=\"start\"><table width=\"100%\" style=\"margin-bottom: 0px\">\r\n  <tr>\r\n    <td width=\"70\" style=\"vertical-align:top;padding:0em;\"><a href=\"https:\/\/smlobzow.pl\/?wpfb_dl=17\"><img decoding=\"async\" src=\"https:\/\/smlobzow.pl\/wp-content\/uploads\/2016\/10\/doc-1.png\" style=\"vertical-align:middle;\" \/><\/a><\/td>\r\n    <td><pdf-tytul><a href=\"https:\/\/smlobzow.pl\/?wpfb_dl=17\" style=font-size:14px;>Rozliczenie centralnego ogrzewania - roz\u0142o\u017cenie niedop\u0142aty na raty<\/a><\/pdf-tytul><\/td>\r\n  <\/tr>\r\n<\/table><\/td><td id=\"n2\" ><table width=\"100%\" style=\"margin-bottom: 0px\">\r\n  <tr>\r\n    <td width=\"70\" style=\"vertical-align:top;padding:0em;\"><a href=\"https:\/\/smlobzow.pl\/?wpfb_dl=18\"><img decoding=\"async\" src=\"https:\/\/smlobzow.pl\/wp-content\/uploads\/2016\/10\/pdf2-1.png\" style=\"vertical-align:middle;\" \/><\/a><\/td>\r\n    <td><pdf-tytul><a href=\"https:\/\/smlobzow.pl\/?wpfb_dl=18\" style=font-size:14px;>Rozliczenie centralnego ogrzewania - roz\u0142o\u017cenie niedop\u0142aty na raty<\/a><\/pdf-tytul><\/td>\r\n  <\/tr>\r\n<\/table><\/td><\/tr><tr class=\"table-alternate row9\"> <td id=\"n1\" class=\"start\"><table width=\"100%\" style=\"margin-bottom: 0px\">\r\n  <tr>\r\n    <td width=\"70\" style=\"vertical-align:top;padding:0em;\"><a href=\"https:\/\/smlobzow.pl\/?wpfb_dl=150\"><img decoding=\"async\" src=\"https:\/\/smlobzow.pl\/wp-content\/uploads\/2016\/10\/doc-1.png\" style=\"vertical-align:middle;\" \/><\/a><\/td>\r\n    <td><pdf-tytul><a href=\"https:\/\/smlobzow.pl\/?wpfb_dl=150\" style=font-size:14px;>Rozliczenie centralnego ogrzewania - zwrot nadp\u0142aty<\/a><\/pdf-tytul><\/td>\r\n  <\/tr>\r\n<\/table><\/td><td id=\"n2\" ><table width=\"100%\" style=\"margin-bottom: 0px\">\r\n  <tr>\r\n    <td width=\"70\" style=\"vertical-align:top;padding:0em;\"><a href=\"https:\/\/smlobzow.pl\/?wpfb_dl=151\"><img decoding=\"async\" src=\"https:\/\/smlobzow.pl\/wp-content\/uploads\/2016\/10\/pdf2-1.png\" style=\"vertical-align:middle;\" \/><\/a><\/td>\r\n    <td><pdf-tytul><a href=\"https:\/\/smlobzow.pl\/?wpfb_dl=151\" style=font-size:14px;>Rozliczenie centralnego ogrzewania - zwrot nadp\u0142aty<\/a><\/pdf-tytul><\/td>\r\n  <\/tr>\r\n<\/table><\/td><\/tr><tr class= \"table-noalt row10\"><td id=\"n1\" class=\"start\"><table width=\"100%\" style=\"margin-bottom: 0px\">\r\n  <tr>\r\n    <td width=\"70\" style=\"vertical-align:top;padding:0em;\"><a href=\"https:\/\/smlobzow.pl\/?wpfb_dl=19\"><img decoding=\"async\" src=\"https:\/\/smlobzow.pl\/wp-content\/uploads\/2016\/10\/doc-1.png\" style=\"vertical-align:middle;\" \/><\/a><\/td>\r\n    <td><pdf-tytul><a href=\"https:\/\/smlobzow.pl\/?wpfb_dl=19\" style=font-size:14px;>Rozliczenie wody - roz\u0142o\u017cenie niedop\u0142aty na raty<\/a><\/pdf-tytul><\/td>\r\n  <\/tr>\r\n<\/table><\/td><td id=\"n2\" ><table width=\"100%\" style=\"margin-bottom: 0px\">\r\n  <tr>\r\n    <td width=\"70\" style=\"vertical-align:top;padding:0em;\"><a href=\"https:\/\/smlobzow.pl\/?wpfb_dl=20\"><img decoding=\"async\" src=\"https:\/\/smlobzow.pl\/wp-content\/uploads\/2016\/10\/pdf2-1.png\" style=\"vertical-align:middle;\" \/><\/a><\/td>\r\n    <td><pdf-tytul><a href=\"https:\/\/smlobzow.pl\/?wpfb_dl=20\" style=font-size:14px;>Rozliczenie wody - roz\u0142o\u017cenie niedop\u0142aty na raty<\/a><\/pdf-tytul><\/td>\r\n  <\/tr>\r\n<\/table><\/td><\/tr><tr class=\"table-alternate row11\"> <td id=\"n1\" class=\"start\"><table width=\"100%\" style=\"margin-bottom: 0px\">\r\n  <tr>\r\n    <td width=\"70\" style=\"vertical-align:top;padding:0em;\"><a href=\"https:\/\/smlobzow.pl\/?wpfb_dl=31\"><img decoding=\"async\" src=\"https:\/\/smlobzow.pl\/wp-content\/uploads\/2016\/10\/doc-1.png\" style=\"vertical-align:middle;\" \/><\/a><\/td>\r\n    <td><pdf-tytul><a href=\"https:\/\/smlobzow.pl\/?wpfb_dl=31\" style=font-size:14px;>Rozliczenie wody - zwrot nadp\u0142aty<\/a><\/pdf-tytul><\/td>\r\n  <\/tr>\r\n<\/table><\/td><td id=\"n2\" ><table width=\"100%\" style=\"margin-bottom: 0px\">\r\n  <tr>\r\n    <td width=\"70\" style=\"vertical-align:top;padding:0em;\"><a href=\"https:\/\/smlobzow.pl\/?wpfb_dl=21\"><img decoding=\"async\" src=\"https:\/\/smlobzow.pl\/wp-content\/uploads\/2016\/10\/pdf2-1.png\" style=\"vertical-align:middle;\" \/><\/a><\/td>\r\n    <td><pdf-tytul><a href=\"https:\/\/smlobzow.pl\/?wpfb_dl=21\" style=font-size:14px;>Rozliczenie wody - zwrot nadp\u0142aty<\/a><\/pdf-tytul><\/td>\r\n  <\/tr>\r\n<\/table><\/td><\/tr><tr class= \"table-noalt row12\"><td id=\"n1\" class=\"start\"><table width=\"100%\" style=\"margin-bottom: 0px\">\r\n  <tr>\r\n    <td width=\"70\" style=\"vertical-align:top;padding:0em;\"><a href=\"https:\/\/smlobzow.pl\/?wpfb_dl=201\"><img decoding=\"async\" src=\"https:\/\/smlobzow.pl\/wp-content\/uploads\/2016\/10\/doc-1.png\" style=\"vertical-align:middle;\" \/><\/a><\/td>\r\n    <td><pdf-tytul><a href=\"https:\/\/smlobzow.pl\/?wpfb_dl=201\" style=font-size:14px;>Wniosek o przekszta\u0142cenie - sp\u00f3\u0142dzielcze lokatorskie w odr\u0119bn\u0105 w\u0142asno\u015b\u0107<\/a><\/pdf-tytul><\/td>\r\n  <\/tr>\r\n<\/table><\/td><td id=\"n2\" ><table width=\"100%\" style=\"margin-bottom: 0px\">\r\n  <tr>\r\n    <td width=\"70\" style=\"vertical-align:top;padding:0em;\"><a href=\"https:\/\/smlobzow.pl\/?wpfb_dl=202\"><img decoding=\"async\" src=\"https:\/\/smlobzow.pl\/wp-content\/uploads\/2016\/10\/pdf2-1.png\" style=\"vertical-align:middle;\" \/><\/a><\/td>\r\n    <td><pdf-tytul><a href=\"https:\/\/smlobzow.pl\/?wpfb_dl=202\" style=font-size:14px;>Wniosek o przekszta\u0142cenie - sp\u00f3\u0142dzielcze lokatorskie w odr\u0119bn\u0105 w\u0142asno\u015b\u0107<\/a><\/pdf-tytul><\/td>\r\n  <\/tr>\r\n<\/table><\/td><\/tr><tr class=\"table-alternate row13\"> <td id=\"n1\" class=\"start\"><table width=\"100%\" style=\"margin-bottom: 0px\">\r\n  <tr>\r\n    <td width=\"70\" style=\"vertical-align:top;padding:0em;\"><a href=\"https:\/\/smlobzow.pl\/?wpfb_dl=203\"><img decoding=\"async\" src=\"https:\/\/smlobzow.pl\/wp-content\/uploads\/2016\/10\/doc-1.png\" style=\"vertical-align:middle;\" \/><\/a><\/td>\r\n    <td><pdf-tytul><a href=\"https:\/\/smlobzow.pl\/?wpfb_dl=203\" style=font-size:14px;>Wniosek o przekszta\u0142cenie - sp\u00f3\u0142dzielcze w\u0142asno\u015bciowe w odr\u0119bn\u0105 w\u0142asno\u015b\u0107<\/a><\/pdf-tytul><\/td>\r\n  <\/tr>\r\n<\/table><\/td><td id=\"n2\" ><table width=\"100%\" style=\"margin-bottom: 0px\">\r\n  <tr>\r\n    <td width=\"70\" style=\"vertical-align:top;padding:0em;\"><a href=\"https:\/\/smlobzow.pl\/?wpfb_dl=204\"><img decoding=\"async\" src=\"https:\/\/smlobzow.pl\/wp-content\/uploads\/2016\/10\/pdf2-1.png\" style=\"vertical-align:middle;\" \/><\/a><\/td>\r\n    <td><pdf-tytul><a href=\"https:\/\/smlobzow.pl\/?wpfb_dl=204\" style=font-size:14px;>Wniosek o przekszta\u0142cenie - sp\u00f3\u0142dzielcze w\u0142asno\u015bciowe w odr\u0119bn\u0105 w\u0142asno\u015b\u0107<\/a><\/pdf-tytul><\/td>\r\n  <\/tr>\r\n<\/table><\/td><\/tr><tr class= \"table-noalt row14\"><td id=\"n1\" class=\"start\"><table width=\"100%\" style=\"margin-bottom: 0px\">\r\n  <tr>\r\n    <td width=\"70\" style=\"vertical-align:top;padding:0em;\"><a href=\"https:\/\/smlobzow.pl\/?wpfb_dl=27\"><img decoding=\"async\" src=\"https:\/\/smlobzow.pl\/wp-content\/uploads\/2016\/10\/doc-1.png\" style=\"vertical-align:middle;\" \/><\/a><\/td>\r\n    <td><pdf-tytul><a href=\"https:\/\/smlobzow.pl\/?wpfb_dl=27\" style=font-size:14px;>Wniosek o wydanie kopii dokument\u00f3w<\/a><\/pdf-tytul><\/td>\r\n  <\/tr>\r\n<\/table><\/td><td id=\"n2\" ><table width=\"100%\" style=\"margin-bottom: 0px\">\r\n  <tr>\r\n    <td width=\"70\" style=\"vertical-align:top;padding:0em;\"><a href=\"https:\/\/smlobzow.pl\/?wpfb_dl=28\"><img decoding=\"async\" src=\"https:\/\/smlobzow.pl\/wp-content\/uploads\/2016\/10\/pdf2-1.png\" style=\"vertical-align:middle;\" \/><\/a><\/td>\r\n    <td><pdf-tytul><a href=\"https:\/\/smlobzow.pl\/?wpfb_dl=28\" style=font-size:14px;>Wniosek o wydanie kopii dokument\u00f3w<\/a><\/pdf-tytul><\/td>\r\n  <\/tr>\r\n<\/table><\/td><\/tr><tr class=\"table-alternate row15\"> <td id=\"n1\" class=\"start\"><table width=\"100%\" style=\"margin-bottom: 0px\">\r\n  <tr>\r\n    <td width=\"70\" style=\"vertical-align:top;padding:0em;\"><a href=\"https:\/\/smlobzow.pl\/?wpfb_dl=1084\"><img decoding=\"async\" src=\"https:\/\/smlobzow.pl\/wp-content\/uploads\/2016\/10\/doc-1.png\" style=\"vertical-align:middle;\" \/><\/a><\/td>\r\n    <td><pdf-tytul><a href=\"https:\/\/smlobzow.pl\/?wpfb_dl=1084\" style=font-size:14px;>Formularz aktywacji us\u0142ugi MOL<\/a><\/pdf-tytul><\/td>\r\n  <\/tr>\r\n<\/table><\/td><td id=\"n2\" ><table width=\"100%\" style=\"margin-bottom: 0px\">\r\n  <tr>\r\n    <td width=\"70\" style=\"vertical-align:top;padding:0em;\"><a href=\"https:\/\/smlobzow.pl\/?wpfb_dl=1085\"><img decoding=\"async\" src=\"https:\/\/smlobzow.pl\/wp-content\/uploads\/2016\/10\/pdf2-1.png\" style=\"vertical-align:middle;\" \/><\/a><\/td>\r\n    <td><pdf-tytul><a href=\"https:\/\/smlobzow.pl\/?wpfb_dl=1085\" style=font-size:14px;>Formularz aktywacji us\u0142ugi MOL<\/a><\/pdf-tytul><\/td>\r\n  <\/tr>\r\n<\/table><\/td><\/tr><\/tbody><\/table>\n","protected":false},"excerpt":{"rendered":"","protected":false},"author":1,"featured_media":0,"parent":0,"menu_order":0,"comment_status":"closed","ping_status":"closed","template":"","meta":{"footnotes":""},"class_list":["post-75","page","type-page","status-publish","hentry"],"_links":{"self":[{"href":"https:\/\/smlobzow.pl\/index.php\/wp-json\/wp\/v2\/pages\/75","targetHints":{"allow":["GET"]}}],"collection":[{"href":"https:\/\/smlobzow.pl\/index.php\/wp-json\/wp\/v2\/pages"}],"about":[{"href":"https:\/\/smlobzow.pl\/index.php\/wp-json\/wp\/v2\/types\/page"}],"author":[{"embeddable":true,"href":"https:\/\/smlobzow.pl\/index.php\/wp-json\/wp\/v2\/users\/1"}],"replies":[{"embeddable":true,"href":"https:\/\/smlobzow.pl\/index.php\/wp-json\/wp\/v2\/comments?post=75"}],"version-history":[{"count":35,"href":"https:\/\/smlobzow.pl\/index.php\/wp-json\/wp\/v2\/pages\/75\/revisions"}],"predecessor-version":[{"id":799,"href":"https:\/\/smlobzow.pl\/index.php\/wp-json\/wp\/v2\/pages\/75\/revisions\/799"}],"wp:attachment":[{"href":"https:\/\/smlobzow.pl\/index.php\/wp-json\/wp\/v2\/media?parent=75"}],"curies":[{"name":"wp","href":"https:\/\/api.w.org\/{rel}","templated":true}]}}